13).
2
Let g(x) = x - 10. Calculate g(5).
-5
Let k(x) = -x**3 + 23*x**2 + 52*x - 43. Determine k(25).
7
Let l(u) = -7*u - 233. Give l(-34).
5
Let y(c) = -c**3 + 38*c**2 - 106*c + 11. Give y(35).
-24
Let n(v) = -v**3 - 7*v**2 - 11*v + 2. Give n(-5).
7
Let u(n) = 13*n + 2. Calculate u(3).
41
Let m(o) = -3*o + 12. Determine m(2).
6
Let v(z) = -z**3 - 5*z**2 + 5*z - 12. Give v(-6).
-6
Let i(n) = 2*n + 5. What is i(-4)?
-3
Let d(w) = -2*w**2 + 4*w + 3. Determine d(-3).
-27
Let x(j) = 5*j**2 - 65*j + 205. Give x(8).
5
Let j(h) = -h**3 + 7*h**2 - 6*h. Calculate j(7).
-42
Let p(q) = -q - 3. Determine p(3).
-6
Let t(d) = -d**2 - 17*d - 47. What is t(-12)?
13
Let q(i) = -3*i**3 - 5*i**2 - 4*i - 3. Calculate q(-3).
45
Let f(n) = n + 35. What is f(-24)?
11
Let z(c) = 9*c**3 + 2*c**2 - 6*c - 3. Determine z(-2).
-55
Let w(o) = -13*o**3 + 3*o**2 - 3*o - 2. Determine w(-1).
17
Let f(v) = -v**3 + 4*v**2 - 2*v - 1. Give f(3).
2
Let a(f) = 3*f**2 - 15*f - 6. Give a(4).
-18
Let c(p) = 2*p**3 + 3*p**2 - 2*p + 4. Determine c(-3).
-17
Let u(i) = -11*i - 60. Calculate u(-4).
-16
Let a(f) = 7*f**2 - 8*f. Calculate a(-4).
144
Let g(u) = u**3 - 14*u**2 + 12*u + 6. Calculate g(13).
-7
Let g(z) = 6*z**2 + 17*z + 1. Calculate g(-3).
4
Let q(z) = -13*z**2 - 53*z - 6. Calculate q(-4).
-2
Let v(m) = m - 1. Give v(16).
15
Let n(k) = 16*k + 2. What is n(-1)?
-14
Let a(i) = 4*i + 27. Determine a(-8).
-5
Let q(o) = o**3 + 8*o**2 + 9*o + 4. Give q(-3).
22
Let y(s) = -s + 3. Calculate y(-14).
17
Let k(j) = j**3 - 4*j**2 - 3*j - 7. What is k(5)?
3
Let y(k) = k**2 + 3*k - 14. Give y(-5).
-4
Let u(o) = 2*o**3 - 6*o**2 + o + 1. Give u(2).
-5
Let l(u) = -u**2 + 5*u + 3. What is l(7)?
-11
Let f(o) = -69*o - 82. Give f(-1).
-13
Let n(k) = -k**3 + 7*k**2 - k + 9. Determine n(7).
2
Let q(g) = -g**2 + 15*g + 39. Determine q(19).
-37
Let v(y) = y**2 + 3*y - 15. Give v(3).
3
Let r(m) = m**3 + 17*m**2 + 13*m - 32. What is r(-16)?
16
Let x(z) = 3*z - 6. Calculate x(2).
0
Let r(m) = 6*m - 5. What is r(6)?
31
Let c(f) = f**3 - 43. Calculate c(0).
-43
Let i(b) = -37*b**2 + 2*b - 1. Determine i(1).
-36
Let q(z) = 2*z**2 - 24*z + 5. Determine q(12).
5
Let g(f) = f**2 + 7*f - 15. Calculate g(-7).
-15
Let x(a) = -a**3 + 7*a**2 - 8*a + 6. What is x(6)?
-6
Let p(g) = 3*g**2 - 6*g - 2. What is p(-7)?
187
Let g(w) = 2*w**2 - 42*w - 36. Give g(23).
56
Let i(z) = 5*z - 71. Determine i(13).
-6
Let o(y) = 27*y + 2. Calculate o(3).
83
Let n(s) = -5*s**2 - 56*s + 4. Determine n(-11).
15
Let b(u) = u**2 - 13*u + 12. Calculate b(10).
-18
Let k(i) = i**3 + 13*i**2 + 37*i + 12. Calculate k(-9).
3
Let l(b) = b**2 - 8*b - 27. Determine l(11).
6
Let y(b) = b**3 + 5*b**2 - b + 12. Determine y(-6).
-18
Let d(m) = 25*m + 208. Give d(-9).
-17
Let c(k) = -10*k**2 - 111*k - 3. What is c(-11)?
8
Let u(r) = 14*r - 76. What is u(6)?
8
Let k(a) = -29*a - 3. What is k(-2)?
55
Let o(j) = j**3 - 8*j**2 + 3*j + 3. Give o(8).
27
Let w(r) = -14*r + 84. Calculate w(6).
0
Let p(s) = -s**3 + 5*s**2 - 5*s + 7. Calculate p(4).
3
Let z(x) = -x**2 + 17*x - 56. What is z(13)?
-4
Let h(c) = -11*c - 8. What is h(-2)?
14
Let g(b) = -b**2 + 5*b + 1. Give g(4).
5
Let t(v) = -v**2 - 27*v - 127. Determine t(-21).
-1
Let a(k) = -2*k**2 + 13*k - 8. What is a(10)?
-78
Let w(k) = -53*k - 572. Give w(-11).
11
Let o(f) = f**3 - 5*f**2 + 5*f - 4. Give o(2).
-6
Let l(c) = -c - 2. Calculate l(-8).
6
Let k(n) = -n**2 - 18*n - 104. Calculate k(-11).
-27
Let w(s) = s**2 + 8*s - 4. Calculate w(6).
80
Let b(l) = -l**2 + 7*l + 5. What is b(7)?
5
Let p(r) = -r**3 - 14*r**2 + 15*r + 4. Calculate p(-15).
4
Let d(g) = g**2 + 14*g + 6. Give d(-12).
-18
Let i(k) = -k**3 + 15*k**2 - 13*k - 43. Give i(14).
-29
Let i(z) = -z**2 + 3*z + 14. Give i(8).
-26
Let h(m) = -3*m + 30. Give h(5).
15
Let z(p) = p**3 - p**2 + 2. Determine z(-1).
0
Let r(c) = c**3 - 26*c**2 - 2*c + 57. What is r(26)?
5
Let x(t) = 8*t - 5. Calculate x(0).
-5
Let p(o) = o**3 - 18*o**2 - 2*o + 41. Calculate p(18).
5
Let y(j) = -3*j + 13. Determine y(4).
1
Let h(v) = 9*v + 32. Give h(-5).
-13
Let u(k) = -5*k**2 - 53*k - 2. Give u(-11).
-24
Let l(x) = -4*x**3 - 17*x**2 - 18*x - 2. Give l(-1).
3
Let t(y) = -22*y + 108. Give t(10).
-112
Let z(n) = -n**3 - 2*n**2 + 2*n + 2. Calculate z(-3).
5
Let p(w) = -w**3 + 6*w**2 + 8*w - 16. Determine p(5).
49
Let b(m) = -m**2 - 3*m - 4. Determine b(-3).
-4
Let b(n) = n**3 + 14*n**2 + 15*n + 31. Calculate b(-13).
5
Let x(p) = -8*p + 15. Calculate x(2).
-1
Let q(x) = -x**2 - 6*x + 10. Calculate q(-6).
10
Let k(m) = m**2 + 12*m - 4. Determine k(-12).
-4
Let m(f) = 2*f**2 - 12*f. Give m(3).
-18
Let t(x) = -x**2 + 20*x + 102. Calculate t(-4).
6
Let m(p) = -p**2 - 3*p - 2. Give m(-4).
-6
Let w(h) = -18*h + 3. Determine w(1).
-15
Let y(s) = -s - 8. What is y(4)?
-12
Let f(m) = m**2 - 5*m + 4. Calculate f(3).
-2
Let h(g) = -g**3 + 11*g**2 + 13*g - 2. What is h(12)?
10
Let d(r) = 7*r + 33. What is d(-5)?
-2
Let r(l) = l - 17. Determine r(0).
-17
Let y(v) = -3*v + 27. Give y(9).
0
Let f(k) = k**2 + 7*k - 1. Give f(-7).
-1
Let w(s) = s**3 + 4*s**2 + 5. Determine w(-3).
14
Let q(b) = b. Determine q(-11).
-11
Let a(g) = 16*g - 5. Give a(2).
27
Let u(w) = 112*w - 118. What is u(1)?
-6
Let m(b) = -b**2 - 14*b + 8. Determine m(-7).
57
Let x(s) = -12*s - 101. What is x(-17)?
103
Let h(f) = 2*f - 31. Calculate h(3).
-25
Let i(h) = h**2 - 12*h - 8. Determine i(11).
-19
Let x(o) = -13*o**3 + 2*o**2 + 3*o - 3. Calculate x(1).
-11
Let i(l) = l**3 + 2*l**2 - l + 2. Calculate i(-3).
-4
Let r(s) = s**3 + 41*s**2 + 40*s - 9. Determine r(-40).
-9
Let t(n) = n**3 + 10*n**2 - 29*n - 60. Calculate t(-12).
0
Let t(b) = -b**3 + 14*b**2 + 13*b + 37. Calculate t(15).
7
Let x(z) = 36*z - 26. Determine x(-3).
-134
Let j(g) = -3*g**2 + 3*g - 2. What is j(-3)?
-38
Let a(s) = s**3 + 3*s**2 - 2*s - 3. Determine a(-2).
5
Let t(i) = -i**2 + 3*i - 11. Give t(9).
-65
Let f(h) = h**2 + h + 4. Determine f(6).
46
Let v(w) = w**2 + 22*w + 76. Determine v(-5).
-9
Let r(t) = -t + 13. Calculate r(10).
3
Let o(n) = 36*n**2 + 2*n - 1. Give o(1).
37
Let r(p) = -p**3 - 3*p**2 + 12*p + 4. Give r(-5).
-6
Let z(d) = d**3 - 4*d**2 + 21*d - 100. Determine z(4).
-16
Let o(m) = m**2 - 7*m - 11. Determine o(8).
-3
Let x(r) = r**3 + 8*r**2 - 6. Give x(-7).
43
Let h(n) = -18*n**3 + 72*n**2 - 3*n - 1. What is h(4)?
-13
Let p(z) = -27*z + 85. Calculate p(3).
4
Let b(t) = -t + 4. Calculate b(10).
-6
Let f(k) = -k**3 - 32*k**2 - 30*k + 42. Calculate f(-31).
11
Let r(d) = -d**3 - 22*d**2 + 24*d + 22. What is r(-23)?
-1
Let t(f) = -14*f - 171. Calculate t(-14).
25
Let k(i) = i**3 - 19*i**2 - 19*i - 16. Give k(20).
4
Let d(q) = 9*q - 47. What is d(6)?
7
Let i(d) = -2*d - 28. Calculate i(-5).
-18
Let y(v) = 2*v**3 + v**2. Calculate y(1).
3
Let l(b) = -2*b**2 + 9*b - 14. Give l(4).
-10
Let s(m) = -9*m**3 + 2*m**2 + 11*m - 12. Determine s(1).
-8
Let u(q) = q**2 + 7*q - 10. Calculate u(-8).
-2
Let l(z) = -z**3 + z**2 - z - 3. Give l(4).
-55
Let k(w) = -2*w + 36. Calculate k(22).
-8
Let c(y) = -y**2 + 7*y - 6. Determine c(3).
6
Let i(n) = -61*n + 243. Calculate i(4).
-1
Let j(n) = n**3 - 10*n**2 + 7*n + 1. Determine j(9).
-17
Let x(m) = -3*m**2 + 3*m + 1. What is x(-2)?
-17
Let c(r) = -5*r**3 - 3*r**2 + r + 2. What is c(-1)?
3
Let p(a) = -a**2 + 7*a - 8. Calculate p(8).
-16
Let l(w) = 45*w - 1. Determine l(1).
44
Let f(q) = -2*q**2 + 73*q + 117. Determine f(38).
3
Let d(k) = -k**3 + 4*k**2 + 13*k - 8. Give d(6).
-2
Let t(m) = -5*m + 6. Determine t(-7).
41
Let j(v) = -19*v - 23. Give j(-2).
15
Let i(u) = 11*u**2 + 5*u - 2. What is i(2)?
52
Let p(h) = -19*h + 19. What is p(3)?
-38
Let h(u) = -21*u + 15. Calculate h(4).
-69
Let n(z) = -8*z - 59. Give n(-9).
13
Let y(u) = u**2 - 6*u - 58. Calculate y(11).
-3
Let t(a) = -9*a**2 - 28*a - 3. Determine t(-5).
-88
Let f(n) = -n**3 + 14*n**2 - 17*n - 84. Calculate f(12).
0
Let r(q) = -q**3 + 15*q**2 + 53*q + 43. Determine r(18).
25
Let g(r) = -3*r**2 - 11*r + 54. Give g(-7).
-16
Let h(r) = r**2 - 6*r - 4. Calculate h(6).
-4
Let a(g) = g**2 + 22*g + 89. Give a(-17).
4
Let h(d) = 2*d - 31. Determine h(11).
-9
Let d(t) = -t**3 - 8*t**2 + 9*t - 6. Give d(-9).
-6
Let t(g) = 2*g**3 + 19*g**2 - 12*g - 22. Give t(-10).
-2
Let q(d) = -d**2 - 6*d. Give q(-5).
5
Let h(g) = -g**2 - 16*g + 147. Calculate h(-22).
1